(0 + 2)).
-2
What is the value of -5 + (-1 - -10 - (11 - 6))?
-1
Calculate -14 + 1 + 8 + (3 - 4).
-6
What is the value of -3 - (-2 + -4 - (1 + 1))?
5
What is the value of -3 - (3 - -1 - (0 - -2))?
-5
What is the value of (9 - 11 - (-3 + 0)) + 1?
2
What is 1 + -7 + -2 + 26 + -26?
-8
Evaluate 5 + 1 + -2 + 0 - 1.
3
What is -1 + 2 - (-2 - (-1 - -2))?
4
Evaluate -5 - ((20 - 19) + (2 - 6)).
-2
Calculate (2 - ((1 - 3) + 2)) + -3.
-1
Evaluate -2 + 3 - (8 + -15 + 3).
5
What is the value of 11 - (-6 + 6 + 5)?
6
Calculate -7 - (7 + -10 - -10 - 18).
4
What is the value of 10 + -2 - (9 + 18 + -15)?
-4
(7 - (10 + -5)) + 0
2
What is (2 - (3 - (4 + -5))) + 1?
-1
Calculate (6 - 1) + -10 - (-4 - -7).
-8
What is the value of (7 - 4) + 0 + -2 + -4?
-3
Calculate -9 + 7 - (-2 + 2).
-2
4 + 1 - (1 + 2)
2
Calculate -3 - (3 + -4) - (-33 - -26).
5
What is -2 - -1 - (-6 + 1)?
4
What is 1 - (8 - (-5 + 4))?
-8
(-43 - -32) + 0 + 15
4
What is (-63 - -60) + (-1 - -1) + 1?
-2
What is the value of -2 + 3 + -2 + 2?
1
Evaluate -2 + 4 - (17 + -11).
-4
3 - (-2 - (-3 + -2)) - -7
7
Calculate -2 + 9 + -5 - 5.
-3
What is the value of (3 - (0 - -4)) + 4?
3
Evaluate (-5 - (-2 + 2)) + (2 - -1).
-2
What is (4 - (0 - (-3 - -3))) + -2?
2
What is -11 + (26 - 9) + -8?
-2
Evaluate 0 - 2 - (-8 - -8).
-2
4 - (1 + -2 - (-15 + 11))
1
What is the value of -3 - (4 - -1 - 7)?
-1
(-14 + 23 - (5 + -1)) + -11
-6
What is -2 + 1 - (2 + 2)?
-5
What is (-3 - -2) + -2 - (-2 + 2)?
-3
What is the value of (7 - 7) + 0 + 1?
1
1 + 2 + -2 + 4
5
2 + -1 + -1 - -4
4
What is 3 + -5 + 5 - -2?
5
Evaluate -5 + 3 + (-7 - -2 - -2).
-5
What is the value of -5 - (4 + (6 - (17 + -4)))?
-2
Calculate (-1 - (-1 + 0 + 3)) + 8.
5
Calculate (3 - (-1 - -2)) + 1 + 1.
4
Evaluate 4 - (-5 + 0 - -8 - 3).
4
What is the value of -2 + (8 - 8 - 1 - -1)?
-2
Evaluate -5 + (9 - 6) + 10.
8
-3 + (-4 - (1 + -1 + -1))
-6
Evaluate -14 + 13 + (0 - -2 - 6).
-5
What is -4 - -4 - -7 - (1 + 5)?
1
What is the value of -5 + 4 + (1 - -3)?
3
What is the value of -10 + 8 - (5 + (3 - 6))?
-4
Calculate -6 + (-6 - -12) + 3.
3
Evaluate -2 - (5 + -7) - (0 - 5).
5
59 - 64 - (0 - 8)
3
-2 - (2 + (-9 - 0) + 4)
1
What is the value of 3 - -1 - (-4 + 7 - -1)?
0
Calculate -3 + 5 + (-3 - (0 + 1)).
-2
What is -4 - (-6 + (3 - 1)) - 3?
-3
What is the value of 15 + -15 + -1 + 7?
6
What is the value of -4 + (-1 - -3 - -3) + 3?
4
Evaluate 7 + -3 + 13 + -20.
-3
What is 5 + -4 + -9 + 4?
-4
What is the value of -2 + -1 + (5 - 5)?
-3
Calculate -3 + (0 + (-7 - -2) - -8).
0
Calculate (0 - 0 - (-9 + 11)) + -2.
-4
Evaluate -5 + 1 + (-11 - -12).
-3
What is -1 + (18 - 11) + -1 + -3?
2
What is the value of (-4 - -11) + (1 - 3)?
5
Evaluate (3 - (-1 - 4)) + -13.
-5
What is 3 + 1 + (-1 - (-8 - -16))?
-5
What is the value of 7 - 1 - (0 - -3)?
3
Calculate (2 - (3 + 0)) + -1.
-2
What is 66 - 65 - (2 - 1)?
0
Calculate 7 + 8 + (-12 - 2).
1
Calculate -3 + 7 - -2 - 12.
-6
Calculate -6 - (-6 + 3 + -4).
1
Calculate (2 - 5) + -4 + -1 + 0.
-8
Evaluate -1 + (1 - -3) + -6.
-3
Evaluate (0 + -3 - 0) + 7 + 3.
7
5 + (-16 + 8 - -9)
6
What is the value of -2 + 1 + 6 + -9?
-4
9 + -9 + (-12 - -12)
0
What is (20 - 7) + (9 - 16)?
6
What is -1 - ((-1 - -1 - -12) + -4)?
-9
-1 + 5 + 0 + -5
-1
Evaluate -6 + -1 + (-7 - -4) + 9.
-1
(-2 - -1) + 2 + 3 + -4
0
What is the value of -16 + 4 + 3 + 1?
-8
Evaluate (-36 - -49) + (5 - 27).
-9
4 + -4 - (3 + -2)
-1
5 + 0 - (14 + -9)
0
What is the value of 16 + -22 + (3 - 1)?
-4
Evaluate 3 + (-4 - (-2 + 1) - 4).
-4
4 + -7 - (8 - 1)
-10
Evaluate -4 + 13 - (-7 + 6 - -3).
7
What is the value of (3 - (6 - (-1 + -4))) + 6?
-2
Calculate 1 - 14 - (47 - 57).
-3
2 + 1 + (6 + -14 - -8)
3
Evaluate -13 + 2 - (6 + -17 + 6).
-6
What is 5 - 13 - (-14 + 6)?
0
What is the value of 1 + (0 - -2 - 3) - -4?
4
Evaluate (-12 + 5 - -8) + -6.
-5
Calculate 5 + (-6 - -5) + -2.
2
0 - (2 + -2) - (-1 - -2)
-1
Evaluate -3 + (-5 - (-5 + -1)).
-2
What is the value of 20 - 7 - 8 - (2 - 3)?
6
What is 2 + 4 + -12 + 8 + -3?
-1
Evaluate 1 + -2 + (6 - 1) + 0.
4
Calculate (105 - 95) + 2 + -17.
-5
(0 - (-6 - 4)) + (-5 - -1)
6
What is -9 - (3 - 16) - (0 - -2)?
2
Calculate (11 - -4) + -10 + -1 + 1.
5
Evaluate (-2 - (2 - 6)) + 0 + -1.
1
18 - 17 - (3 - 1 - 5)
4
Evaluate -2 + -1 + (3 - 0) + -5.
-5
-11 - (9 + -19) - (3 - 2)
-2
-10 - -5 - (-8 + 5) - -9
7
-13 + 16 - (-1 - 0)
4
Evaluate -4 + 13 + -7 + (1 - 0).
3
2 + 17 + -12 + -2
5
-8 + 6 + (1 - 0)
-1
What is -7 + (7 - 2) - (3 + 0)?
-5
-4 + 5 + (3 - (7 + 0))
-3
-3 + 2 - (5 - 3)
-3
What is 10 - ((8 - 11) + 7) - -1?
7
What is -8 - ((5 - -6) + -19)?
0
(-18 - -19) + -18 + 9
-8
Evaluate (-3 + -1 - (-2 + 2)) + 5.
1
-2 + 1 + -2 + 4 + -3
-2
(-2 - (2 + (2 - 11))) + -6
-1
Calculate 2 - (-6 + 10 - -1).
-3
What is (-13 - (2 + -10)) + 12 + -1?
6
What is the value of 2 + (6 + -2 - 2)?
4
What is -3 - (-12 - (-3 - 1))?
5
What is the value of 0 - (3 - 3) - 2?
-2
Calculate 2 + 6 + (10 - 14) + 2.
6
What is (14 - 4) + -1 + -3?
6
What is 4 + (-7 - 5 - -4)?
-4
What is the value of 2 + 2 + 1 + 11 + -14?
2
Calculate (-9 - -10) + 1 + 1 + 0.
3
What is the value of -2 - (-16 + -2) - 11?
5
(4 + -5 - 2) + 4
1
Evaluate -7 - (-7 + -3 + 7).
-4
Calculate (-3 + -1 - 0) + 8 - 1.
3
What is the value of 1 - -2 - (-6 + 2 + 5)?
2
What is -4 + (-8 - (-13 + 6))?
-5
What is the value of -2 + 4 + -2 + -1 + 4?
3
What is 2 + (-5 + 2 - -2 - -3)?
4
What is the value of -1 + -3 - (52 - 54)?
-2
What is 2 + -5 + 4 + 3 - 6?
-2
Evaluate -6 + 5 + 2 - 1.
0
Calculate 47 + -29 - (11 + 0).
7
1 + 0 + 11 + (2 - 5)
9
What is 8 + (1 - 1 - (13 - 12))?
7
What is the value of (21 - 8) + -7 - (0 - 2)?
8
Evaluate 2 - 11 - (-6 - -7).
-10
Evaluate (2 - (5 - 9) - 4) + 4.
6
What is (4 - -4) + -6 + 8?
10
What is -5 + (12 - 3 - -1) - 1?
4
-6 + -3 + 4 + 7
2
What is (0 - (1 + -4)) + -6?
-3
What is 0 + 2 + (-37 - -29)?
-6
What is (5 - 1) + (1 + -3 - -2)?
4
Calculate 1 + 3 + 2 + -14.
-8
Calculate 4 + (-17 - (1 + -2)) + 7.
-5
-4 - (-6 + 3 + -8 + 6)
1
What is 5 - (-2 - (1 + -10))?
-2
6 - (9 + (4 - 9))
2
What is the value of (-3 - (-4 - -2)) + -2?
-3
Evaluate (10 - (15 + -8)) + 1.
4
Calculate (-4 + 3 - 1) + 5 + -6.
-3
What is -1 + (-2 - -4) + (0 - 2)?
-1
What is (4 - (-13 + 7 - -19)) + 5?
-4
Evaluate 1 + (-7 - -5) + -1.
-2
What is 7 + (9 - 12) + -9?
-5
1 + 0 + (2 - 0)
3
Calculate (-1 - 2) + (-5 - -9 - 6).
-5
Calculate 83 + -75 + -18 + 0.
-10
Evaluate 0 - 9 - (80 + -80).
-9
4 - ((3 - 3) + 2)
2
Calculate -2 + -2 + (0 - -3) + 1.
0
Evaluate -2 - -6 - (-5 - -5 - -4).
0
Evaluate 4 + 1 - (60 - 54) - -2.
1
Calculate (6 - (1 + 2 + 0)) + 0.
3
7 - (1 - -4) - -2
4
What is the value of (-1 - -6 - 13) + 1 + 2?
-5
What is -11 - -11 - (-5 - -1)?
4
1 + -1 + (1 + 23 - 24)
0
What is -4 - (-12 + 8) - 3?
-3
Evaluate 4 + 4 + (-6 - -3).
5
(3 - (6 - 6 - -5)) + 1
-1
4 + (-4 + 2 + -1 - -2)
3
What is the value of 1 + -5 - (-20 - -17)?
-1
Evaluate 15 + -11 + (-1 - (2 + -2)).
3
12 + (2 - (-2 - -21))
-5
What is the value of (1 - (1 + -6)) + (692 - 695)?
3
What is (0 - -3 - 4) + 1 + -3?
-3
Evaluate -2 - ((-7 - -3 - -5) + 3).
-6
What is the value of 6 + (-1 + 0 - (21 + -16))?
0
What is -8 - (10 + -7 + -6)?
-5
What is the value of -3 + 2 + (-3 - (0 + 0))?
-4
Evaluate -1 - (-1 - -4) - -4.
0
What is 0 - (1 - 9) - (-78 - -80)?
6
Evaluate (-1 - 1) + (-2 - 1) + 0.
-5
What is -1 + -3 - (-2 - (-7 + 7))?
-2
Evaluate -1 + -2 + -8 + 11.
0
Evaluate (3 - (0 - -6)) + -9 + 6.
-6
What is the value of -4 - (-2 - ((8 - 4) + -4))?
-2
What is the value of -2 + (-5 - -9) - -1?
3
What is the value of (-5 - (-4 + (1 - 1))) + 2?
1
What is the value of -6 - (-3 + 1 + (4 - 3))?
-5
Evaluate 4 - (-9 + 12 - (4 + -1)).
4
Calculate 6 + (-9 - -5) + (-6 - 0).
-4
What is -3 + -1 + 6 + 0?
2
Calculate (-5 - 3) + (-4 - -11).
-1
What is (182 - 188) + -1 + 4?
-3
-1 - -1 - ((-20 - -18) + -3)
5
What is (-60 - -63) + 1 + -1 + -9?
-6
What is -4 + -1 - (-7 + 6)?
-4
What is the value of 6 + -3 + -4 + 0 + -3?
-4
Calculate -2 - (3 - 1) - -7.
3
What is the value of 0 + -1 + 13 + -9?
3
Calculate -2 + (-5 - -10) - 0.
3
What is the value of -5 - (-8 + 5 - 3)?
1
Calculate (-6 - -5) + 3 - 8.
-6
Calculate 8 + (0 + -3 - (2 + 0)).
3
What is -9 - 0 - (-39 + 31)?
-1
Evaluate -3 - (-2 - (14 + -3)).
10
Evaluate (-3 + 1 - (-8 - -7)) + -5.
-6
-1 - 1 - (24 + -22)
-4
0 + -1 + (-6 - -6) + -3
-4
2 + -3 + -1 + -2
-4
-3 + (2 + 7 - 3)
3
What is -61 + 57 + 